e 2 + -3 + -2 - -3.
0
Evaluate 7 - (8 + -14 + 9).
4
(6 + 1 - 8) + 1 + 0
0
What is (0 - 4) + 10 + 15 + -23?
-2
Calculate -14 + (-5 - (8 - 22)).
-5
What is (-5 + 4 - 1) + -3?
-5
What is the value of 0 + 5 - ((8 - 2) + -6)?
5
3 + -4 + 5 + -4 + -3
-3
What is the value of 5 + 2 - (-12 - (-9 - 1))?
9
What is the value of 1 - 0 - (25 - 24)?
0
Evaluate -2 + (-2 - (-7 - (-5 - -2))).
0
Evaluate (2 - 5) + 6 - 1.
2
What is 9 + (5 - 9) + -12?
-7
Evaluate (9 + 0 - 8) + (0 - 2).
-1
Evaluate 2 - 0 - (1 - (-3 + 4)).
2
Calculate -9 + 0 + 7 - (-1 - 5).
4
Calculate -5 + 5 + (-6 + 4 - -6).
4
Calculate -1 + 0 + 3 + -5.
-3
What is the value of (2 - 2) + (11 - 8)?
3
What is the value of -11 - (9 + -13 + -6)?
-1
Evaluate (-2 - 13) + 9 + -3.
-9
What is 9 + -2 + 5 + -6 - 17?
-11
Calculate 4 + (-6 - -1) + 3 - 4.
-2
8 + (-3 - (-1 - 0))
6
-1 + 3 + (0 - -2)
4
Evaluate 2 - (-3 - -8 - 1).
-2
What is 1 + (-2 - (5 + -5) - -7)?
6
Calculate 1 + (18 - 15) + 2 + 0.
6
What is the value of 9 - ((10 - 5) + -1)?
5
Calculate 3 - -7 - (0 + 6).
4
Evaluate 8 + -8 + 2 + 3 + -2.
3
What is the value of -8 + 3 + (5 + -1 - 0)?
-1
Evaluate (0 + 13 - -6) + -12.
7
Calculate 5 + 1 + -1 + 2 + -4.
3
Evaluate -1 - 5 - (16 - 18) - -4.
0
Calculate (3 + -4 - 2) + 0.
-3
Calculate (-2 - -7) + 7 + -6 + -5.
1
What is the value of 8 - (3 - 1) - 7 - -7?
6
Evaluate -4 + 3 + (-1 - -4) + -1.
1
What is -1 + 11 + (-105 - -91)?
-4
Evaluate -5 + (11 - 12) + 8.
2
Evaluate 3 - 1 - ((-2 - -11) + -6).
-1
Evaluate -2 + (2 - (3 + -2 + 4)).
-5
Evaluate 9 - (-1 + 8 + -4).
6
What is the value of (7 - -1) + -3 - 8?
-3
(-1 + (-4 - -5) - -1) + -6
-5
What is the value of -5 + -1 + (-1 + 0 - -4)?
-3
What is -2 - (-3 + 1 + 5)?
-5
Evaluate 0 + -7 + -5 + 14.
2
Evaluate (25 - 16) + -9 - (-2 + -1).
3
Calculate 3 - 1 - (29 + -15 - 14).
2
-4 + (-3 - 0) + 6 - 7
-8
Evaluate -3 + (5 - -1) + (-2 - 3).
-2
What is the value of -5 - (-12 + -8 + 16)?
-1
What is the value of 0 - (-4 + (3 - 4))?
5
1 + (-20 - -8) + 16
5
Evaluate 3 + -6 - -7 - (3 - -3).
-2
Evaluate -4 + 5 + -1 - -3.
3
What is -6 + (-5 + 3 - -4)?
-4
Evaluate 2 - ((0 - 11) + (36 - 31)).
8
What is the value of -31 + 29 - (2 - (-1 + 1))?
-4
What is the value of 0 + (-32 - -38) + (-2 - 4)?
0
Evaluate -3 - 0 - (32 + -29).
-6
What is -7 - (-14 + (-1 - -11))?
-3
What is -2 - -1 - (-3 + 10 + -5)?
-3
What is the value of (-3 - (-3 + 0 - 1)) + -8?
-7
Evaluate (-3 - (5 + -7)) + 2 + -1.
0
What is -9 + 1 + 13 - 0?
5
0 - (2 - 1) - -9
8
What is the value of -14 + (1 + 4 - -5)?
-4
-9 + 5 - (-1 + -1)
-2
4 - 5 - (0 - 3)
2
What is 368 + -378 - (-1 + -3 - -1)?
-7
-5 + 1 - (-7 + 13 + -7)
-3
What is the value of 8 - (0 - (0 + 0) - -3)?
5
Calculate (-2 + 4 - 1) + -1 - 2.
-2
What is the value of 38 + -22 - 27 - (1 + -8)?
-4
Evaluate -2 - -7 - (-11 - -13).
3
What is 11 - (3 + (8 - 5))?
5
-1 + -1 + -1 - 1
-4
What is -1 + 8 + -2 + -5?
0
Calculate (1 - -4) + 2 + -4.
3
What is -6 - -1 - (3 - 13)?
5
What is (0 - -4) + 0 + (2 - 1)?
5
Evaluate 63 - 72 - (-5 + 0).
-4
Evaluate 9 + 7 + -13 + 5.
8
Calculate -10 - (2 + -15 + 10).
-7
What is the value of 3 + (3 - 1 - 2)?
3
-2 + 1 - (0 + -1) - -1
1
Evaluate -8 - (-4 + 1 + -2).
-3
Evaluate -32 + 36 + (-4 - -2).
2
2 + -4 + 1 + (88 - 90)
-3
Calculate (-4 - -2) + 0 + 0.
-2
-19 + (4 - (14 - 23))
-6
Calculate -2 + 4 - (-1 + -4 + 10).
-3
Calculate 3 + 0 + 0 - 5.
-2
(-4 + 3 - 6) + -2 + 4
-5
(-4 - -5) + -10 - -4 - -4
-1
3 + -9 - ((-3 - 0) + 6)
-9
What is the value of (-5 - -1) + 1 - (-1 - -5)?
-7
6 - (2 + 0) - 0
4
Calculate -11 + 9 - (1 - -2).
-5
What is -1 + 1 - (-6 + 8)?
-2
Calculate -16 + 7 + 15 + -4.
2
Calculate -2 + 4 - 7 - (2 - 2).
-5
What is (2 - 4 - -3) + -24 + 28?
5
What is the value of 36 - 34 - (-1 + 0 + 0)?
3
Calculate 1 - (-2 + (1 - 2) + 1).
3
Calculate -5 + (-7 - (-1 + -12)).
1
Evaluate 7 + 3 + -3 + -5.
2
What is 1 - (-2 + 6 + 2 + -3)?
-2
Calculate (16 - 7) + -6 - -9 - 5.
7
-1 + 4 - 2 - -4
5
What is the value of 4 + (3 - 9 - -6)?
4
What is -3 - (2 - 6) - 6?
-5
0 - 0 - (-3 + 3 + 3)
-3
Evaluate 6 + -11 - -7 - -6.
8
Calculate -2 + 7 + -1 + -5 + 4.
3
What is 9 - (12 + (-12 - 0))?
9
(-9 - (14 - 21)) + 1
-1
What is the value of 3 + (-3 + 8 - 12)?
-4
-2 - (0 + -4 + 4)
-2
13 - (-4 - (-14 - 2) - 6)
7
Calculate 5 + (22 - 15 - 7).
5
0 - 2 - -6 - 4 - -3
3
0 + 3 - (-2 - (6 + -11))
0
Evaluate 1 + (6 - 4) - (1 - 0).
2
What is (9 - 0) + -9 + 3?
3
Evaluate (1 - 5) + 0 + -2 + 5.
-1
What is (1 + 5 - 8) + 8 + 1?
7
Calculate 1 + -4 + -1 + (-1 - -6).
1
(-2 - 2) + (2 - (-6 + 2))
2
Evaluate -4 - ((-5 - (1 + -4)) + -2).
0
Calculate -3 + 3 + 0 + 0.
0
What is (1 - 1) + (-13 - -9) + 8?
4
-1 + (-13 - -8) - (-1 + -1)
-4
8 + 1 + (-18 - -13)
4
Calculate (4 - (-1 + 2 + 3)) + -4.
-4
What is 1 - (-11 + 1) - 11?
0
Evaluate -9 - ((-5 - -4 - 0) + -3).
-5
What is (-4 - -6) + -2 + 5?
5
What is the value of 1 - 3 - (-9 + 5 - 0)?
2
Calculate (2 - 5) + (-4 - -2) + 2.
-3
Evaluate -9 + -5 - -12 - -8.
6
-1 + 0 + 0 + -4
-5
What is the value of (-1 - (-1 - 2)) + -5?
-3
Calculate -15 + 12 + -1 + 1.
-3
What is (-3 - -7) + -1 + -4?
-1
Evaluate -7 + 11 - (5 + -2).
1
Evaluate -10 + 0 + (19 + -7 - 9).
-7
What is -3 + 3 - -5 - 12?
-7
Calculate -2 + 0 + -1 + -3.
-6
Calculate (-3 - 3 - -12) + -4.
2
(-22 - (-8 - 6)) + 0
-8
What is the value of (-8 - -7 - 14) + (5 - -3)?
-7
Calculate -8 - (3 - 9) - (-1 - -2).
-3
What is the value of -5 + -3 + 2 - -1 - -4?
-1
-12 - (7 + (-3 - -5 - 15))
-6
What is the value of (3 - (11 - 6)) + 8 - 6?
0
What is the value of -11 + (14 + -1 - 11)?
-9
What is the value of 1 + 10 + -1 + (-1 - 4)?
5
What is the value of 4 + -5 + 14 + -5?
8
Evaluate 4 - (18 + -2 + -8).
-4
(0 - (8 + -2)) + 8
2
Calculate -3 - 2 - 1 - -11 - 6.
-1
Calculate (11 - 13) + (0 - -4).
2
Calculate -8 + (-5 - -1) - -1.
-11
What is -13 + 12 + (4 - (2 - 2))?
3
Evaluate -2 - 0 - (-5 - (-10 + 1)).
-6
-2 + 2 + 10 + -4
6
Calculate -19 + 13 - (1 - 1).
-6
What is the value of (4 - 2 - 5) + (-4 - -5)?
-2
What is the value of -1 + (1 - 1) + -4?
-5
Calculate (-3 + -12 - -9) + -4 + 1.
-9
What is the value of 2 + -21 + 16 + -6?
-9
-6 + 11 - (4 - -8)
-7
8 + -32 + 5 + 10
-9
Calculate -8 - -3 - (-5 + -5 + 2).
3
Calculate -7 + (13 - 6) - 2.
-2
What is the value of 45 - 47 - (0 + 4)?
-6
(-10 - (2 - 2)) + (5 - -1)
-4
Calculate 4 + -4 + (1 - 3).
-2
Calculate (5 - 2) + -1 + -5.
-3
What is -6 - (7 - 3 - 11)?
1
What is 4 + (-11 - (6 - 4 - 6))?
-3
((-3 - -5) + -10 - -11) + -1
2
Evaluate (-5 - (-7 + (-5 - -5))) + -1.
1
Calculate (-6 - 1) + -9 + 11 + -1.
-6
What is (8 - 4) + -1 + -2?
1
What is the value of -8 + (6 - (-5 + 6))?
-3
What is the value of 3 + (1 + 4 - 5) + 2?
5
Evaluate 13 + (5 - -2 - (12 + 2)).
6
4 - ((3 - 4 - -1) + 2)
2
(10 - 8) + -1 + -2
-1
What is 1 - (-8 - -4 - -4)?
1
What is the value of (6 - 10) + 2 + -1?
-3
What is -3 + (9 - (-5 - -8))?
3
Evaluate -14 + 3 + (-8 - -17).
-2
Evaluate -5 - ((-4 - -10) + -6) - -11.
6
(-4 - (-3 - 0)) + -1 + 4
2
(-4 - (-2 + -1 + 3)) + 0
-4
1 - 4 - (-4 + (-2 - -1))
2
What is (-3 - 1) + (1 - (14 + -9))?
-8
Evaluate -6 + 6 + 2 + -1 - 5.
-4
What is 3 - (0 + (-3 - -2))?
4
Calculate -1 + 0 + (-2 - -5) + -4.
-2
Calculate 9 + 2 + (-3 - 4).
4
What is the value of -4 + (-5 - -3) + 6?
0
Evaluate (-2 - (-11 + -1)) + -1.
9
Evaluate 5 + -11 + 4 + -3.
-5
5 + -9 - -5 - (-2 - -6)
-3
Evaluate -1 + -1 + -3 + 2.
-3
Evaluate 6 + 4 + -1 - 3 - 0.
6
What is -72 + 75 + 2 + 1 + 0?
6
-4 - (-4 - (-5 - -5))
0
Calculate 0 - (-4 - (-2 - 1)).
1
What is -2 + -5 - (-6 + 11 - 9)?
-3
What is the value of -2 - (2 + 3 + -1) - -2?
-4
7 + (-5 - -2) - (1 + -2)
5
Calculate 5 - ((0 - 5) + 5).
5
What is (2 - -1) + (-5 - (-3 - 2))?
3
Evaluate 4 + -5 - 1 - (-3 - 1).
2
Calculate 3 - 3 - (-6 - -9).
-3
What is -4 + -5 + 2 + 2 + 2?
-3
What is (5 - 11) + 0 - -2?
-4
What is (-7 - (-7 - -6)) + 0?
-6
What is the value of 0 + -2 - (1 - (-7 + 5))?
-5
What is (0 - 5 - (-29 - -20)) + 3?
7
Calculate -2 + (0 - 2) + 3.
-1
What is (3 - 6) + 3 - (-14 + 8)?
6
Calculate -3 - (1 - (-3 - (-1 - 1))).
-5
Evaluate 3 + -2 + 3 + (3 - 1).
6
What is the value of -4 + 11 + -9 - 3?
-5
What is the value of 19 - 6 - 19 - 1?
-7
Evaluate -5 + 3 + 2 + -3 + 4.
1
6 - (14 - (13 - 6))
-1
(4 - 7 - 2) + 1
-4
Evaluate 2 + (-1 - (-2 + 1)) + 2.
4
What is the value of 3 + 0 - (206 + -201)?
-2
What is -4 + 10 + 0 - (0 + 4)?
2
What is the value of -8 - (9 + -4 + -10)?
-3
Calculate 21 + -19 - (-